{"id":2420,"date":"2020-06-26T03:07:25","date_gmt":"2020-06-26T05:07:25","guid":{"rendered":"https:\/\/www.specagra.ee.nemokamossvetaines.hostingas.lt\/?post_type=product&#038;p=2420"},"modified":"2025-03-31T11:48:26","modified_gmt":"2025-03-31T13:48:26","slug":"presas-su-apvyniotuvu-unia-master","status":"publish","type":"product","link":"https:\/\/specagra.ee\/?product=presas-su-apvyniotuvu-unia-master","title":{"rendered":"Presas su apvyniotuvu UNIA MASTER"},"content":{"rendered":"<p>Standartin\u0117 komplektacija MASTER D:<\/p>\n<ul>\n<li>Valdymo kompiuteris SUPERIOR (spalvotas ekranas, valdomos visos funkcijos, rodomos visos funkcijos ir davikliai, rankinis arba automatinis darbas, nustatym\u0173 koregavimas, lie\u010diamas ekranas,papildomas valdiklis,naktinis re\u017eimas);<\/li>\n<li>3- \u017evaig\u017edis rotorius HARDOX;<\/li>\n<li>Smulkintuvas : individuali kiekvieno peilio apsauga, hidrauli\u0161kai jungin\u0117jami smulkinimo peiliai;<\/li>\n<li>Hidrauli\u0161kai nuleid\u017eiamos po surink\u0117ju grindys;<\/li>\n<li>Stovai\u00a0 pl\u0117velei;<\/li>\n<li>Ri\u0161imas tinkleliu;<\/li>\n<li>Reguliuojamas suspaudimas;<\/li>\n<li>Galinio dang\u010dio mechaninis u\u017eraktas;<\/li>\n<li>5- eil\u0117s surink\u0117jo;<\/li>\n<li>Priekiniai guminiai kopijuojantys ratai;<\/li>\n<li>Pradalg\u0117s suspaudimo volelis;<\/li>\n<li>Reversas;<\/li>\n<li>Automatinis grandini\u0173 sutepimas;<\/li>\n<li>Galios perdavimo velenas;<\/li>\n<li>Padangos : 400\/60-15.5;<\/li>\n<li>Dvi automatin\u0117s pl\u0117vel\u0117s apvyniojimo mentys (reguliuojamas \u012ftempimas);<\/li>\n<li>Rulon\u0173 pastatymo \u012frenginys;<\/li>\n<\/ul>\n<p>&nbsp;<\/p>\n<p><sup>\u00a0\u00a0<\/sup>Papildoma komplektacija:<\/p>\n<ul>\n<li>Aplikatorius;<\/li>\n<li>Kamera su ekranu;<\/li>\n<li>Padangos : 480\/45-17;<\/li>\n<li>Automatinis guoli\u0173 tepimas;<\/li>\n<\/ul>\n","protected":false},"excerpt":{"rendered":"<p>Standartin\u0117 komplektacija MASTER D: Valdymo kompiuteris SUPERIOR (spalvotas ekranas, valdomos visos funkcijos, rodomos visos funkcijos ir davikliai, rankinis arba automatinis darbas, nustatym\u0173 koregavimas, lie\u010diamas ekranas,papildomas valdiklis,naktinis re\u017eimas); 3- \u017evaig\u017edis rotorius HARDOX; Smulkintuvas : individuali kiekvieno peilio apsauga, hidrauli\u0161kai jungin\u0117jami smulkinimo peiliai; Hidrauli\u0161kai nuleid\u017eiamos po surink\u0117ju grindys; Stovai\u00a0 pl\u0117velei; Ri\u0161imas tinkleliu; Reguliuojamas suspaudimas; Galinio dang\u010dio mechaninis [&hellip;]<\/p>\n","protected":false},"featured_media":17737,"template":"","meta":{"_et_pb_use_builder":"","_et_pb_old_content":"","_et_gb_content_width":""},"product_brand":[],"product_cat":[82],"product_tag":[],"class_list":{"0":"post-2420","1":"product","2":"type-product","3":"status-publish","4":"has-post-thumbnail","6":"product_cat-pakkijad","8":"first","9":"instock","10":"shipping-taxable","11":"product-type-simple"},"yoast_head":"<!-- This site is optimized with the Yoast SEO plugin v26.4 - https:\/\/yoast.com\/wordpress\/plugins\/seo\/ -->\n<title>Presas su apvyniotuvu UNIA MASTER - Specagra<\/title>\n<meta name=\"robots\" content=\"index, follow, max-snippet:-1, max-image-preview:large, max-video-preview:-1\" \/>\n<link rel=\"canonical\" href=\"https:\/\/specagra.ee\/?product=presas-su-apvyniotuvu-unia-master\" \/>\n<meta property=\"og:locale\" content=\"et_EE\" \/>\n<meta property=\"og:type\" content=\"article\" \/>\n<meta property=\"og:title\" content=\"Presas su apvyniotuvu UNIA MASTER - Specagra\" \/>\n<meta property=\"og:description\" content=\"Standartin\u0117 komplektacija MASTER D: Valdymo kompiuteris SUPERIOR (spalvotas ekranas, valdomos visos funkcijos, rodomos visos funkcijos ir davikliai, rankinis arba automatinis darbas, nustatym\u0173 koregavimas, lie\u010diamas ekranas,papildomas valdiklis,naktinis re\u017eimas); 3- \u017evaig\u017edis rotorius HARDOX; Smulkintuvas : individuali kiekvieno peilio apsauga, hidrauli\u0161kai jungin\u0117jami smulkinimo peiliai; Hidrauli\u0161kai nuleid\u017eiamos po surink\u0117ju grindys; Stovai\u00a0 pl\u0117velei; Ri\u0161imas tinkleliu; Reguliuojamas suspaudimas; Galinio dang\u010dio mechaninis [&hellip;]\" \/>\n<meta property=\"og:url\" content=\"https:\/\/specagra.ee\/?product=presas-su-apvyniotuvu-unia-master\" \/>\n<meta property=\"og:site_name\" content=\"Specagra\" \/>\n<meta property=\"article:modified_time\" content=\"2025-03-31T13:48:26+00:00\" \/>\n<meta property=\"og:image\" content=\"https:\/\/specagra.ee\/wp-content\/uploads\/2020\/06\/master.png\" \/>\n\t<meta property=\"og:image:width\" content=\"1280\" \/>\n\t<meta property=\"og:image:height\" content=\"720\" \/>\n\t<meta property=\"og:image:type\" content=\"image\/webp\" \/>\n<meta name=\"twitter:card\" content=\"summary_large_image\" \/>\n<meta name=\"twitter:label1\" content=\"Est. reading time\" \/>\n\t<meta name=\"twitter:data1\" content=\"1 minut\" \/>\n<script type=\"application\/ld+json\" class=\"yoast-schema-graph\">{\"@context\":\"https:\/\/schema.org\",\"@graph\":[{\"@type\":\"WebPage\",\"@id\":\"https:\/\/specagra.ee\/?product=presas-su-apvyniotuvu-unia-master\",\"url\":\"https:\/\/specagra.ee\/?product=presas-su-apvyniotuvu-unia-master\",\"name\":\"Presas su apvyniotuvu UNIA MASTER - Specagra\",\"isPartOf\":{\"@id\":\"https:\/\/specagra.ee\/#website\"},\"primaryImageOfPage\":{\"@id\":\"https:\/\/specagra.ee\/?product=presas-su-apvyniotuvu-unia-master#primaryimage\"},\"image\":{\"@id\":\"https:\/\/specagra.ee\/?product=presas-su-apvyniotuvu-unia-master#primaryimage\"},\"thumbnailUrl\":\"https:\/\/specagra.ee\/wp-content\/uploads\/2020\/06\/master.png\",\"datePublished\":\"2020-06-26T05:07:25+00:00\",\"dateModified\":\"2025-03-31T13:48:26+00:00\",\"breadcrumb\":{\"@id\":\"https:\/\/specagra.ee\/?product=presas-su-apvyniotuvu-unia-master#breadcrumb\"},\"inLanguage\":\"et\",\"potentialAction\":[{\"@type\":\"ReadAction\",\"target\":[\"https:\/\/specagra.ee\/?product=presas-su-apvyniotuvu-unia-master\"]}]},{\"@type\":\"ImageObject\",\"inLanguage\":\"et\",\"@id\":\"https:\/\/specagra.ee\/?product=presas-su-apvyniotuvu-unia-master#primaryimage\",\"url\":\"https:\/\/specagra.ee\/wp-content\/uploads\/2020\/06\/master.png\",\"contentUrl\":\"https:\/\/specagra.ee\/wp-content\/uploads\/2020\/06\/master.png\",\"width\":1280,\"height\":720,\"caption\":\"Presas su apvyniotuvu MASTER\"},{\"@type\":\"BreadcrumbList\",\"@id\":\"https:\/\/specagra.ee\/?product=presas-su-apvyniotuvu-unia-master#breadcrumb\",\"itemListElement\":[{\"@type\":\"ListItem\",\"position\":1,\"name\":\"Home\",\"item\":\"https:\/\/www.specagra.ee\/\"},{\"@type\":\"ListItem\",\"position\":2,\"name\":\"P\u00f5llumajandustehnika ja loomakasvatus\",\"item\":\"https:\/\/specagra.ee\/?page_id=18493\"},{\"@type\":\"ListItem\",\"position\":3,\"name\":\"Presas su apvyniotuvu UNIA MASTER\"}]},{\"@type\":\"WebSite\",\"@id\":\"https:\/\/specagra.ee\/#website\",\"url\":\"https:\/\/specagra.ee\/\",\"name\":\"Specagra\",\"description\":\"P\u00f5llumajandustehnika ja varuosad\",\"publisher\":{\"@id\":\"https:\/\/specagra.ee\/#organization\"},\"potentialAction\":[{\"@type\":\"SearchAction\",\"target\":{\"@type\":\"EntryPoint\",\"urlTemplate\":\"https:\/\/specagra.ee\/?s={search_term_string}\"},\"query-input\":{\"@type\":\"PropertyValueSpecification\",\"valueRequired\":true,\"valueName\":\"search_term_string\"}}],\"inLanguage\":\"et\"},{\"@type\":\"Organization\",\"@id\":\"https:\/\/specagra.ee\/#organization\",\"name\":\"UAB Specagra\",\"url\":\"https:\/\/specagra.ee\/\",\"logo\":{\"@type\":\"ImageObject\",\"inLanguage\":\"et\",\"@id\":\"https:\/\/specagra.ee\/#\/schema\/logo\/image\/\",\"url\":\"http:\/\/www.specagra.ee\/wp-content\/uploads\/2022\/02\/SP-logo_naujas-scaled.jpg\",\"contentUrl\":\"http:\/\/www.specagra.ee\/wp-content\/uploads\/2022\/02\/SP-logo_naujas-scaled.jpg\",\"width\":2560,\"height\":326,\"caption\":\"UAB Specagra\"},\"image\":{\"@id\":\"https:\/\/specagra.ee\/#\/schema\/logo\/image\/\"}}]}<\/script>\n<!-- \/ Yoast SEO plugin. -->","yoast_head_json":{"title":"Presas su apvyniotuvu UNIA MASTER - Specagra","robots":{"index":"index","follow":"follow","max-snippet":"max-snippet:-1","max-image-preview":"max-image-preview:large","max-video-preview":"max-video-preview:-1"},"canonical":"https:\/\/specagra.ee\/?product=presas-su-apvyniotuvu-unia-master","og_locale":"et_EE","og_type":"article","og_title":"Presas su apvyniotuvu UNIA MASTER - Specagra","og_description":"Standartin\u0117 komplektacija MASTER D: Valdymo kompiuteris SUPERIOR (spalvotas ekranas, valdomos visos funkcijos, rodomos visos funkcijos ir davikliai, rankinis arba automatinis darbas, nustatym\u0173 koregavimas, lie\u010diamas ekranas,papildomas valdiklis,naktinis re\u017eimas); 3- \u017evaig\u017edis rotorius HARDOX; Smulkintuvas : individuali kiekvieno peilio apsauga, hidrauli\u0161kai jungin\u0117jami smulkinimo peiliai; Hidrauli\u0161kai nuleid\u017eiamos po surink\u0117ju grindys; Stovai\u00a0 pl\u0117velei; Ri\u0161imas tinkleliu; Reguliuojamas suspaudimas; Galinio dang\u010dio mechaninis [&hellip;]","og_url":"https:\/\/specagra.ee\/?product=presas-su-apvyniotuvu-unia-master","og_site_name":"Specagra","article_modified_time":"2025-03-31T13:48:26+00:00","og_image":[{"width":1280,"height":720,"url":"https:\/\/specagra.ee\/wp-content\/uploads\/2020\/06\/master.png","type":"image\/webp"}],"twitter_card":"summary_large_image","twitter_misc":{"Est. reading time":"1 minut"},"schema":{"@context":"https:\/\/schema.org","@graph":[{"@type":"WebPage","@id":"https:\/\/specagra.ee\/?product=presas-su-apvyniotuvu-unia-master","url":"https:\/\/specagra.ee\/?product=presas-su-apvyniotuvu-unia-master","name":"Presas su apvyniotuvu UNIA MASTER - Specagra","isPartOf":{"@id":"https:\/\/specagra.ee\/#website"},"primaryImageOfPage":{"@id":"https:\/\/specagra.ee\/?product=presas-su-apvyniotuvu-unia-master#primaryimage"},"image":{"@id":"https:\/\/specagra.ee\/?product=presas-su-apvyniotuvu-unia-master#primaryimage"},"thumbnailUrl":"https:\/\/specagra.ee\/wp-content\/uploads\/2020\/06\/master.png","datePublished":"2020-06-26T05:07:25+00:00","dateModified":"2025-03-31T13:48:26+00:00","breadcrumb":{"@id":"https:\/\/specagra.ee\/?product=presas-su-apvyniotuvu-unia-master#breadcrumb"},"inLanguage":"et","potentialAction":[{"@type":"ReadAction","target":["https:\/\/specagra.ee\/?product=presas-su-apvyniotuvu-unia-master"]}]},{"@type":"ImageObject","inLanguage":"et","@id":"https:\/\/specagra.ee\/?product=presas-su-apvyniotuvu-unia-master#primaryimage","url":"https:\/\/specagra.ee\/wp-content\/uploads\/2020\/06\/master.png","contentUrl":"https:\/\/specagra.ee\/wp-content\/uploads\/2020\/06\/master.png","width":1280,"height":720,"caption":"Presas su apvyniotuvu MASTER"},{"@type":"BreadcrumbList","@id":"https:\/\/specagra.ee\/?product=presas-su-apvyniotuvu-unia-master#breadcrumb","itemListElement":[{"@type":"ListItem","position":1,"name":"Home","item":"https:\/\/www.specagra.ee\/"},{"@type":"ListItem","position":2,"name":"P\u00f5llumajandustehnika ja loomakasvatus","item":"https:\/\/specagra.ee\/?page_id=18493"},{"@type":"ListItem","position":3,"name":"Presas su apvyniotuvu UNIA MASTER"}]},{"@type":"WebSite","@id":"https:\/\/specagra.ee\/#website","url":"https:\/\/specagra.ee\/","name":"Specagra","description":"P\u00f5llumajandustehnika ja varuosad","publisher":{"@id":"https:\/\/specagra.ee\/#organization"},"potentialAction":[{"@type":"SearchAction","target":{"@type":"EntryPoint","urlTemplate":"https:\/\/specagra.ee\/?s={search_term_string}"},"query-input":{"@type":"PropertyValueSpecification","valueRequired":true,"valueName":"search_term_string"}}],"inLanguage":"et"},{"@type":"Organization","@id":"https:\/\/specagra.ee\/#organization","name":"UAB Specagra","url":"https:\/\/specagra.ee\/","logo":{"@type":"ImageObject","inLanguage":"et","@id":"https:\/\/specagra.ee\/#\/schema\/logo\/image\/","url":"http:\/\/www.specagra.ee\/wp-content\/uploads\/2022\/02\/SP-logo_naujas-scaled.jpg","contentUrl":"http:\/\/www.specagra.ee\/wp-content\/uploads\/2022\/02\/SP-logo_naujas-scaled.jpg","width":2560,"height":326,"caption":"UAB Specagra"},"image":{"@id":"https:\/\/specagra.ee\/#\/schema\/logo\/image\/"}}]}},"_links":{"self":[{"href":"https:\/\/specagra.ee\/index.php?rest_route=\/wp\/v2\/product\/2420","targetHints":{"allow":["GET"]}}],"collection":[{"href":"https:\/\/specagra.ee\/index.php?rest_route=\/wp\/v2\/product"}],"about":[{"href":"https:\/\/specagra.ee\/index.php?rest_route=\/wp\/v2\/types\/product"}],"wp:featuredmedia":[{"embeddable":true,"href":"https:\/\/specagra.ee\/index.php?rest_route=\/wp\/v2\/media\/17737"}],"wp:attachment":[{"href":"https:\/\/specagra.ee\/index.php?rest_route=%2Fwp%2Fv2%2Fmedia&parent=2420"}],"wp:term":[{"taxonomy":"product_brand","embeddable":true,"href":"https:\/\/specagra.ee\/index.php?rest_route=%2Fwp%2Fv2%2Fproduct_brand&post=2420"},{"taxonomy":"product_cat","embeddable":true,"href":"https:\/\/specagra.ee\/index.php?rest_route=%2Fwp%2Fv2%2Fproduct_cat&post=2420"},{"taxonomy":"product_tag","embeddable":true,"href":"https:\/\/specagra.ee\/index.php?rest_route=%2Fwp%2Fv2%2Fproduct_tag&post=2420"}],"curies":[{"name":"wp","href":"https:\/\/api.w.org\/{rel}","templated":true}]}}